s the tens digit of j(57)?
8
Suppose 7*z + 4*x - 21 = 4*z, -z + 3*x - 6 = 0. What is the tens digit of ((-1)/4)/(z/(-204))?
1
Let t(l) = 2*l. Suppose 0*m = -i + 3*m + 53, 0 = 5*i + 4*m - 341. Suppose -2*p + i = 3*p. What is the tens digit of t(p)?
2
Let s be 10/25 + 18/5. Let f(q) = -4*q + 10. Let v be f(s). What is the tens digit of ((-9)/v)/(3/64)?
3
Suppose -82*o = -80*o - 5542. What is the hundreds digit of o?
7
Suppose -l - a + 6*a = -81, -3*l + a = -229. Let q(d) = -d**3 + 13 - l*d - d**2 + 76*d. What is the units digit of q(0)?
3
Let p = 24 + -24. Suppose 3*c - c - 190 = p. Suppose -4*v + 6*a + 200 = 2*a, 0 = -2*v - 3*a + c. What is the units digit of v?
9
Suppose 22*j - 17*j - 805 = 0. What is the units digit of j?
1
Let s = 23 - 11. Suppose -l + 5*l = s. What is the units digit of l + (-6)/(-3 + 6)?
1
Suppose 2*m - 2*z = 412, -21 = m - 5*z - 239. What is the units digit of m?
3
Let x = 4511 + -2748. What is the hundreds digit of x?
7
What is the hundreds digit of (233/(-3))/(5/(-15))?
2
Suppose k = 3*g + 1034, 43*k - 45*k + 2123 = 5*g. What is the hundreds digit of k?
0
Let o = 860 - -483. What is the hundreds digit of o?
3
Let h(f) be the third derivative of 0*f**4 + 1/6*f**3 + 0 - 2*f**2 + 1/30*f**5 + 0*f. What is the units digit of h(-1)?
3
Suppose -58 = -4*t + 734. What is the hundreds digit of t?
1
Let q(m) = -1327*m**3 - 7*m**2 - 8*m - 2. What is the hundreds digit of q(-1)?
3
Let v = 393 + -168. What is the units digit of v?
5
Suppose 140 = 5*x - 2*o, 0 = -5*x + o + 237 - 92. What is the units digit of x?
0
Suppose 4*m + 3*c - 14 = 0, -4*m - 4*c - 7 + 23 = 0. What is the units digit of (36/m)/(8/4)?
9
Let q = 35 + -29. Let u be (0 + 21/q)*66. Suppose g = -7*k + 3*k + u, 294 = 5*k - 4*g. What is the tens digit of k?
5
Let w(m) = -85*m**3 + m**2 - m - 1. Let k be 12/24*-1*(3 - 1). What is the tens digit of w(k)?
8
Let b(g) = -2*g**2 + 5*g + 3. Let z be b(15). What is the units digit of (-2 - -3)/((-6)/z)?
2
Suppose 108 = v - 3*v. Let u be (2/4)/((-3)/v). Let s = u - -3. What is the units digit of s?
2
Suppose -2*w - 2*w + 394 = 5*a, 94 = w - a. Let c = -67 + w. What is the units digit of c?
9
What is the tens digit of 8222*(114/(-12) - -10)?
1
Let o = 52 - 99. Let w = o + 80. Let d = w - 17. What is the units digit of d?
6
Suppose q - 1 - 3 = 0. Suppose 0 = 2*y - 6, -u + 5*y = q*u + 5. Suppose -1 = -g - u*g - 4*h, -15 = 3*h. What is the units digit of g?
7
Suppose -3*p - 4 = p, 0 = r - p - 359. What is the units digit of r?
8
Let o = -1049 - -1855. What is the units digit of o?
6
Let j(v) = -v**2 + v + 7. Let k be j(3). Let c be k*(-1 - (2 + -6)). Suppose -g - 3*g + c*z + 79 = 0, 16 = g + 3*z. What is the units digit of g?
9
Let d(t) be the second derivative of -t**5/20 + 2*t**4/3 - 11*t**3/6 + 7*t**2 - 2*t + 11. What is the tens digit of d(5)?
3
Suppose -5*u + 219 = 4*v, 0 = -2*u - 2*u - 4. Suppose 3*j + j = i - v, 5*j = 4*i - 180. Suppose -i = -3*b - 3*r - 1, 15 = 5*r. What is the units digit of b?
0
Suppose 38*s - 36*s = 246. What is the units digit of s?
3
Let p(t) = -t - 32. Let n be p(-11). Let l = -27 - n. What is the units digit of (2 + 10/l)*117?
9
Suppose 3*p - 24 = 15. Let m = -13 + p. Suppose m = -3*q - 2*j + 37, 5*q - 4*j - 40 = -3*j. What is the units digit of q?
9
Let s(h) = h**2 - 9*h - 19. Let i(t) = -t - 1. Let q(m) = -5*i(m) + s(m). Let c be q(10). Suppose 145 = 3*z + c. What is the units digit of z?
3
Let q(v) = 156*v**2 + 83*v + 235. What is the hundreds digit of q(-3)?
3
Let l(q) = 2*q**3 + 23*q**2 + 52*q - 27. Let t(f) = -3*f**3 - 34*f**2 - 78*f + 41. Let m(k) = 7*l(k) + 5*t(k). What is the units digit of m(-8)?
0
Let v(j) = 31*j - 1. Let s be v(9). Suppose -3*c = -5*k + c + 271, 5*k + 3*c = s. What is the units digit of k?
5
Let u(l) = 23*l - 3*l**2 + l**3 - 4 - 36*l + l**2. What is the units digit of u(6)?
2
Let b = -8 + 12. Suppose b*i - 36 = 108. Suppose -u + i = u. What is the units digit of u?
8
Let k = 2 + 10. Let g = -7 + k. Suppose 3*t = -4*n + 220, -g*t + 4*t - 5*n + 88 = 0. What is the units digit of t?
8
Suppose 4*k - 1 = -9. Let q be (8 + -12)/(0 + k). Suppose -q*m + 51 = -5. What is the tens digit of m?
2
Let c(j) be the first derivative of -j**3/3 + 4*j**2 + 12*j + 8. Let x be c(9). Suppose x*t - 40 = -4. What is the tens digit of t?
1
Let s(z) = 367*z**2 - 32*z + 64. What is the hundreds digit of s(2)?
4
What is the units digit of (-6)/(-3) + (1362 - (4 - -5))?
5
Let t(h) = 7*h**2 - 6*h - 8. Let x = -56 + 54. What is the units digit of t(x)?
2
Let q(z) = 2*z + 0*z - 4 - 6*z + 5*z. Let i be q(7). Suppose -2*w - 83 = -3*m - i*w, -37 = -m + 2*w. What is the tens digit of m?
2
Let z(m) = 122*m**2 - 40*m + 3. What is the tens digit of z(2)?
1
Suppose -4*f + 20 = 0, 3*f = -2*z + 12 + 11. What is the units digit of z/12 + 226/6?
8
Suppose -4*d = -d. Let b = d - -1. What is the tens digit of 1/((b/13)/1)?
1
Let c = -605 - -1007. What is the tens digit of c?
0
Let g(w) = 9*w**3 + 10*w**2 - 16*w - 4. What is the units digit of g(3)?
1
Suppose 0 = 2*j + 3*u - 13, 2*j - u - 47 = -j. Let w = 1 + j. What is the units digit of w?
5
Let h = 8 + 12. Let s = h + -14. Let a(i) = 2*i + 5. What is the units digit of a(s)?
7
Let b be (-4)/14 + (-178)/14. Let m be (-9)/(((-1)/(-2))/(-1)). Let k = b + m. What is the units digit of k?
5
Let g be (2 - (-15)/(-6))*22. Let o = 13 + g. Suppose o*s = 4*s - 10, l - 51 = -5*s. What is the units digit of l?
6
Let p = 711 + 1286. What is the hundreds digit of p?
9
Let l be ((-4)/(-6))/((16/75)/8). Suppose 3*v = 244 - l. What is the tens digit of v?
7
What is the tens digit of (-11)/(3621/453 + -8)?
6
Let o(g) = 46*g - 11*g + 49*g - 4*g. What is the tens digit of o(1)?
8
Let g(c) be the second derivative of -c**5/20 + 5*c**4/6 - 7*c**3/6 + 2*c**2 - 2*c. Suppose 0 = 3*z - 16 - 11. What is the tens digit of g(z)?
2
Let z = 6 - 20. Let r = 17 + z. Suppose x + 82 = 5*d, 4*d - r*x - 19 = 51. What is the tens digit of d?
1
Let r = 2179 - 940. What is the thousands digit of r?
1
Suppose 51*i - 57119 + 2447 = 0. What is the units digit of i?
2
Let j(s) = 3*s**3 + 9*s**2 - 14*s + 2. Let x(h) = 4*h**3 + 8*h**2 - 13*h + 3. Let m(u) = 5*j(u) - 4*x(u). What is the units digit of m(11)?
2
Let v = 333 + -157. What is the tens digit of v?
7
Let f(d) = 2*d**3 - 33*d**2 - 4*d - 82. What is the hundreds digit of f(21)?
8
Let g = 15 + -13. Suppose 0 = g*x + 3 - 57. Suppose 0 = -2*y - 4, 0 = -w - 2*y - 2*y + x. What is the tens digit of w?
3
What is the units digit of (666/(-30))/((8/60)/(-2))?
3
Let z = -40 - -37. What is the hundreds digit of -236*2*z/12?
1
Let c be 28 + 0 + (-22)/(-11). What is the units digit of 0 - (c/(-2) + 3)?
2
Let n = -22 + 24. Suppose -c + b + 0*b = -46, -n*b - 4 = 0. What is the units digit of c/(-55) + (-79)/(-5)?
5
Let r(s) = 24*s - 259. What is the hundreds digit of r(37)?
6
Suppose 3*a + 32 = 137. Let c = -31 + a. Suppose d + c = -d, -2*z + 3*d = -54. What is the units digit of z?
4
Suppose 0 = 14*n + 11 + 31. What is the tens digit of -3 + 32 - (-9)/n?
2
Let r(s) be the second derivative of -s**5/20 - 2*s**4/3 - 5*s**3/6 - 23*s**2/2 + 23*s. What is the units digit of r(-8)?
7
Let u(c) = 9 - c + 10 + 4*c - c. Let a be u(-8). Suppose -3*s = a*l - 87, 0*s - 123 = -4*l + 3*s. What is the tens digit of l?
3
Let o = -146 + 331. What is the hundreds digit of o?
1
Let b(p) = -p**3 - 2*p**2 - 5*p - 5. Let q be b(-2). Suppose -8 = -q*z + 7. Suppose -4*f + 156 = -3*m, 3*f - m - 117 = -z*m. What is the units digit of f?
9
Let f be (-10)/(3/2 - 1). Let p = 26 + f. Let a(m) = 5*m - 7. What is the units digit of a(p)?
3
Let a = -1484 - -6429. What is the hundreds digit of a?
9
Let i = 7 - 5. Suppose 0 = -q - 2*a + 10, a - 2 - i = 0. Suppose q + 1 = 3*d. What is the units digit of d?
1
Suppose 7*s = 5*s - o + 3911, 4*s - 7840 = 4*o. What is the tens digit of s?
5
Suppose 2*r = -k + 700, 2*k = 2*r - 746 + 46. What is the units digit of r?
0
Suppose -6*x = -x - 10. Let z(g) = g**2 + 5*g - 4. Let n be z(-6). What is the units digit of (10*x)/n + 1?
1
Let s(k) = 10*k - 22. What is the hundreds digit of s(22)?
1
Suppose 27294 = 5*t - 4*d, -3*d + 7*d = -5*t + 27326. What is the hundreds digit of t?
4
What is the units digit of ((-1186)/6)/((-21)/63)?
3
Let d(p) = -40*p - 3. Let b 